{"id":3777,"date":"2017-02-28T18:39:41","date_gmt":"2017-02-28T18:39:41","guid":{"rendered":"https:\/\/taniarubio.com\/?post_type=obras&#038;p=3777"},"modified":"2022-11-29T21:48:38","modified_gmt":"2022-11-29T21:48:38","slug":"soa-terra","status":"publish","type":"obras","link":"http:\/\/taniarubio.com\/en\/obras\/soa-terra\/","title":{"rendered":"Soa Terra"},"content":{"rendered":"<p>[:es]<\/p>\n<div class=\"col-xs-12\">\n<div class=\"box\">\n<div class=\"single__descripcion-corta\">\n<p style=\"text-align: center;\"><strong>2017<\/strong><\/p>\n<p style=\"text-align: center;\">*Obra realizada con apoyo del FONCA-CONACYT<\/p>\n<p><span class=\"fbPhotoCaptionText\">Obra para violoncello y electroac\u00fastica en 8 canales que trabaja el concepto de paisaje sonoro, elaborada a partir de sonidos de animales y ecosistemas en peligro de extinci\u00f3n. Soa Terra es la manifestaci\u00f3n sonora de muchos seres de vida habitando sobre la tierra, quienes est\u00e1n a punto de decir adi\u00f3s.<\/span><\/p>\n<p><span class=\"fbPhotoCaptionText\">La pieza aborda la creaci\u00f3n de ecosistemas audiovisuales ut\u00f3picos donde humano-naturaleza-tecnolog<wbr \/>\u00eda podemos coexistir en nuestro andar contempor\u00e1neo.\u00a0<\/span><\/p>\n<\/div>\n<\/div>\n<\/div>\n<div class=\"col-xs-12 fichaTecnica\">\n<p>&nbsp;<\/p>\n<p>Tania Rubio &#8211; Compositora<\/p>\n<p>Iracema de Andrade &#8211; Violoncello<\/p>\n<p>Edgar Olvera &#8211; Visuales en Tiempo Real<\/p>\n<\/div>\n<p>[:en]<\/p>\n<p style=\"text-align: center;\"><strong>2017<\/strong><\/p>\n<p style=\"text-align: center;\">*Work realized with the support of FONCA-CONACYT.<\/p>\n<p>Work for cello and electroacoustic in 8 channels that work the concept of soundscape composition, elaborated from sounds of animals and ecosystems in danger of extinction. Soa Terra is the sonorous manifestation of many beings of life inhabiting the earth, who are about to say goodbye.<\/p>\n<p>The piece addresses the creation of utopian audiovisual ecosystems where human-nature-technology can coexist in our contemporary wanderings.<\/p>\n<p>&nbsp;<\/p>\n<p>Tania Rubio &#8211; Composer<\/p>\n<p>Iracema de Andrade &#8211; Violoncello<\/p>\n<p>Edgar Olvera &#8211; Real Time Visuals[:]<\/p>\n","protected":false},"featured_media":432,"template":"","categories":[213],"class_list":["post-3777","obras","type-obras","status-publish","has-post-thumbnail","hentry","category-musica-de-camara"],"acf":[],"_links":{"self":[{"href":"http:\/\/taniarubio.com\/en\/wp-json\/wp\/v2\/obras\/3777","targetHints":{"allow":["GET"]}}],"collection":[{"href":"http:\/\/taniarubio.com\/en\/wp-json\/wp\/v2\/obras"}],"about":[{"href":"http:\/\/taniarubio.com\/en\/wp-json\/wp\/v2\/types\/obras"}],"wp:featuredmedia":[{"embeddable":true,"href":"http:\/\/taniarubio.com\/en\/wp-json\/wp\/v2\/media\/432"}],"wp:attachment":[{"href":"http:\/\/taniarubio.com\/en\/wp-json\/wp\/v2\/media?parent=3777"}],"wp:term":[{"taxonomy":"category","embeddable":true,"href":"http:\/\/taniarubio.com\/en\/wp-json\/wp\/v2\/categories?post=3777"}],"curies":[{"name":"wp","href":"https:\/\/api.w.org\/{rel}","templated":true}]}}

<p>[:es]</p>
<div class="col-xs-12">
<div class="box">
<div class="single__descripcion-corta">
<p style="text-align: center;"><strong>2017</strong></p>
<p style="text-align: center;">*Obra realizada con apoyo del FONCA-CONACYT</p>
<p><span class="fbPhotoCaptionText">Obra para violoncello y electroacústica en 8 canales que trabaja el concepto de paisaje sonoro, elaborada a partir de sonidos de animales y ecosistemas en peligro de extinción. Soa Terra es la manifestación sonora de muchos seres de vida habitando sobre la tierra, quienes están a punto de decir adiós.</span></p>
<p><span class="fbPhotoCaptionText">La pieza aborda la creación de ecosistemas audiovisuales utópicos donde humano-naturaleza-tecnolog<wbr />ía podemos coexistir en nuestro andar contemporáneo. </span></p>
</div>
</div>
</div>
<div class="col-xs-12 fichaTecnica">
<p>&nbsp;</p>
<p>Tania Rubio &#8211; Compositora</p>
<p>Iracema de Andrade &#8211; Violoncello</p>
<p>Edgar Olvera &#8211; Visuales en Tiempo Real</p>
</div>
<p>[:en]</p>
<p style="text-align: center;"><strong>2017</strong></p>
<p style="text-align: center;">*Work realized with the support of FONCA-CONACYT.</p>
<p>Work for cello and electroacoustic in 8 channels that work the concept of soundscape composition, elaborated from sounds of animals and ecosystems in danger of extinction. Soa Terra is the sonorous manifestation of many beings of life inhabiting the earth, who are about to say goodbye.</p>
<p>The piece addresses the creation of utopian audiovisual ecosystems where human-nature-technology can coexist in our contemporary wanderings.</p>
<p>&nbsp;</p>
<p>Tania Rubio &#8211; Composer</p>
<p>Iracema de Andrade &#8211; Violoncello</p>
<p>Edgar Olvera &#8211; Real Time Visuals[:]</p>
