{"id":5349,"date":"2022-04-02T19:47:10","date_gmt":"2022-04-02T19:47:10","guid":{"rendered":"https:\/\/taniarubio.com\/?post_type=obras&#038;p=5349"},"modified":"2024-12-27T15:17:39","modified_gmt":"2024-12-27T21:17:39","slug":"kob","status":"publish","type":"obras","link":"http:\/\/taniarubio.com\/en\/obras\/kob\/","title":{"rendered":"K&#8217;ob"},"content":{"rendered":"<p class=\"p1\">\n<p>&nbsp;<\/p>\n<p style=\"text-align: center;\"><em>*Specially written for Iv\u00e1n Manzanilla<\/em><\/p>\n<p style=\"text-align: center;\">Commission and Premiere at Festival P\u00e0ayt&#8217;aan, Izamal, Yucat\u00e1n, M\u00e9xico, 2022.<\/p>\n<p>&nbsp;<\/p>\n<div id=\"gtx-trans\" style=\"position: absolute; left: 484px; top: 403.667px;\">\n<div class=\"gtx-trans-icon\"><\/div>\n<\/div>","protected":false},"featured_media":5350,"template":"","categories":[213],"class_list":["post-5349","obras","type-obras","status-publish","has-post-thumbnail","hentry","category-musica-de-camara"],"acf":[],"_links":{"self":[{"href":"http:\/\/taniarubio.com\/en\/wp-json\/wp\/v2\/obras\/5349","targetHints":{"allow":["GET"]}}],"collection":[{"href":"http:\/\/taniarubio.com\/en\/wp-json\/wp\/v2\/obras"}],"about":[{"href":"http:\/\/taniarubio.com\/en\/wp-json\/wp\/v2\/types\/obras"}],"wp:featuredmedia":[{"embeddable":true,"href":"http:\/\/taniarubio.com\/en\/wp-json\/wp\/v2\/media\/5350"}],"wp:attachment":[{"href":"http:\/\/taniarubio.com\/en\/wp-json\/wp\/v2\/media?parent=5349"}],"wp:term":[{"taxonomy":"category","embeddable":true,"href":"http:\/\/taniarubio.com\/en\/wp-json\/wp\/v2\/categories?post=5349"}],"curies":[{"name":"wp","href":"https:\/\/api.w.org\/{rel}","templated":true}]}}

<p class="p1">
<p>&nbsp;</p>
<p style="text-align: center;"><em>*Specially written for Iván Manzanilla</em></p>
<p style="text-align: center;">Commission and Premiere at Festival Pàayt&#8217;aan, Izamal, Yucatán, México, 2022.</p>
<p>&nbsp;</p>
<div id="gtx-trans" style="position: absolute; left: 484px; top: 403.667px;">
<div class="gtx-trans-icon"></div>
</div>
