{"id":6484,"date":"2024-02-27T23:41:51","date_gmt":"2024-02-27T23:41:51","guid":{"rendered":"https:\/\/taniarubio.com\/?post_type=calendar&#038;p=6484"},"modified":"2024-03-06T19:14:01","modified_gmt":"2024-03-07T01:14:01","slug":"mesa-redonda-proyeccion-sisters-with-transistors","status":"publish","type":"calendar","link":"https:\/\/taniarubio.com\/en\/calendar\/mesa-redonda-proyeccion-sisters-with-transistors\/","title":{"rendered":"Mesa Redonda\/Proyecci\u00f3n Sisters with transistors"},"content":{"rendered":"<p>Mesa redonda el trabajo de las mujeres en la m\u00fasica electr\u00f3nica, en conversaci\u00f3n Valeria Jonard, Tania Rubio y Teresa D\u00edaz.<\/p>\n<p>Modera Ana Mora<\/p>\n<p>&nbsp;<\/p>\n<p>Cepromusic en Conmemoraci\u00f3n del D\u00eda Internacional de la Mujer<\/p>","protected":false},"featured_media":6550,"template":"","categories":[216],"class_list":["post-6484","calendar","type-calendar","status-publish","has-post-thumbnail","hentry","category-calendario"],"acf":[],"_links":{"self":[{"href":"https:\/\/taniarubio.com\/en\/wp-json\/wp\/v2\/calendar\/6484","targetHints":{"allow":["GET"]}}],"collection":[{"href":"https:\/\/taniarubio.com\/en\/wp-json\/wp\/v2\/calendar"}],"about":[{"href":"https:\/\/taniarubio.com\/en\/wp-json\/wp\/v2\/types\/calendar"}],"wp:featuredmedia":[{"embeddable":true,"href":"https:\/\/taniarubio.com\/en\/wp-json\/wp\/v2\/media\/6550"}],"wp:attachment":[{"href":"https:\/\/taniarubio.com\/en\/wp-json\/wp\/v2\/media?parent=6484"}],"wp:term":[{"taxonomy":"category","embeddable":true,"href":"https:\/\/taniarubio.com\/en\/wp-json\/wp\/v2\/categories?post=6484"}],"curies":[{"name":"wp","href":"https:\/\/api.w.org\/{rel}","templated":true}]}}

Mesa Redonda/Proyección Sisters with transistors

<p>Mesa redonda el trabajo de las mujeres en la música electrónica, en conversación Valeria Jonard, Tania Rubio y Teresa Díaz.</p>
<p>Modera Ana Mora</p>
<p>&nbsp;</p>
<p>Cepromusic en Conmemoración del Día Internacional de la Mujer</p>
