{"id":6809,"date":"2025-01-15T21:14:09","date_gmt":"2025-01-16T03:14:09","guid":{"rendered":"https:\/\/taniarubio.com\/?post_type=calendar&#038;p=6809"},"modified":"2025-01-15T21:14:09","modified_gmt":"2025-01-16T03:14:09","slug":"taller-de-composicion-musica-unam","status":"publish","type":"calendar","link":"https:\/\/taniarubio.com\/en\/calendar\/taller-de-composicion-musica-unam\/","title":{"rendered":"Taller de Composici\u00f3n M\u00fasica UNAM"},"content":{"rendered":"<p>Taller de composici\u00f3n M\u00fasica UNAM<\/p>","protected":false},"featured_media":6810,"template":"","categories":[216],"class_list":["post-6809","calendar","type-calendar","status-publish","has-post-thumbnail","hentry","category-calendario"],"acf":[],"_links":{"self":[{"href":"https:\/\/taniarubio.com\/en\/wp-json\/wp\/v2\/calendar\/6809","targetHints":{"allow":["GET"]}}],"collection":[{"href":"https:\/\/taniarubio.com\/en\/wp-json\/wp\/v2\/calendar"}],"about":[{"href":"https:\/\/taniarubio.com\/en\/wp-json\/wp\/v2\/types\/calendar"}],"wp:featuredmedia":[{"embeddable":true,"href":"https:\/\/taniarubio.com\/en\/wp-json\/wp\/v2\/media\/6810"}],"wp:attachment":[{"href":"https:\/\/taniarubio.com\/en\/wp-json\/wp\/v2\/media?parent=6809"}],"wp:term":[{"taxonomy":"category","embeddable":true,"href":"https:\/\/taniarubio.com\/en\/wp-json\/wp\/v2\/categories?post=6809"}],"curies":[{"name":"wp","href":"https:\/\/api.w.org\/{rel}","templated":true}]}}

Taller de Composición Música UNAM

<p>Taller de composición Música UNAM</p>
